r of l and d?
2
Let x = -37 - -41. Let z = 32 - -36. Suppose -32 = -5*n + z. Calculate the greatest common divisor of n and x.
4
Let a = -4 - -7. Suppose 0 = -a*g + 4 + 11. Let o be (-10)/(-6) - 2/(-6). What is the highest common divisor of g and o?
1
Suppose 9 + 1 = 2*g - 4*z, 2*z + 17 = -3*g. Let x(y) = -39*y + 2. Let i be x(g). Calculate the highest common divisor of 17 and i.
17
Let z = 33 - 23. Suppose -12*q + 425 = 125. What is the highest common factor of z and q?
5
Let m(q) = 32*q**3 + 2*q - 1. Let n be m(1). What is the greatest common factor of n and 22?
11
Suppose 23 = 3*t - 16. Let d(a) = 23*a**2 - 3*a + 5. Let h be d(2). What is the highest common divisor of h and t?
13
Suppose -2*d = c + 3*c - 1528, c + 5*d - 364 = 0. Let f = 538 - c. Calculate the greatest common factor of f and 22.
22
Let f be -14 + 16 + (-34)/(-1). Let c(a) = -a**3 - a**2 + a + 4. Let m be c(0). Calculate the greatest common divisor of f and m.
4
Suppose -2*r + g + 38 = 0, -104 = -4*r - 8*g + 3*g. What is the highest common divisor of r and 105?
21
Let o(t) be the first derivative of t**4/4 - t**3/3 - 3*t**2/2 - 2*t + 6. Let g be o(3). Calculate the highest common factor of 77 and g.
7
Suppose 3*t = -0*t - 4*c + 46, -3*c - 15 = 0. Calculate the highest common divisor of t and 33.
11
Let t be 1/(-5) + 96/5. Suppose 0 = 4*w + 1 + t, 5*a = -w + 130. Calculate the greatest common divisor of a and 18.
9
Let t(b) = -b + 7. Let o be t(0). Let j(s) = 1 - 2 - 10*s - 1 + 0. Let r be j(-3). What is the greatest common divisor of r and o?
7
Suppose 0 = -0*l - 4*l + 64. Calculate the highest common divisor of 112 and l.
16
Suppose -1 = 5*r - z - 491, -98 = -r + 4*z. Let o(i) = i**2 - 3*i - 4. Let t be o(3). Let m be 28*(4/t)/(-2). What is the greatest common factor of r and m?
14
Suppose u - 6*u - 4*m = -331, -3*m + 138 = 2*u. Calculate the highest common divisor of u and 7.
7
Let l be 2*(-15)/(-6)*1. Suppose -4*t - 2*x = -7*x - 29, -l*t - x = -58. What is the highest common divisor of t and 44?
11
Let x = 62 - 38. Let f(d) = d**3 - 6*d**2 + 5*d + 6. Let i be f(6). What is the highest common factor of i and x?
12
Let k = -20 - -12. Let q be k/((-1)/(-1)) + -1. Let a(s) = s**3 + 9*s**2 - 2*s - 8. Let o be a(q). What is the greatest common factor of 80 and o?
10
Let j(w) = -32*w - 14. Let o be j(-11). What is the greatest common factor of o and 26?
26
Let h be 6*4/9*12. Let t be (-41)/(-4) + (-8)/h. What is the highest common factor of 5 and t?
5
Let d = 7 - 5. What is the greatest common divisor of d and 10?
2
Suppose 0 = -2*m + 3*m - 74. Suppose -4*c + m = 5*l - 10, 0 = 3*c - l - 44. Calculate the highest common factor of c and 176.
16
Suppose 0 = -x + 2*q - 2, 5*x - 3*q = 2 + 2. Suppose x*v - 9 = -1. What is the highest common factor of v and 36?
4
Let n(u) = -3*u**3 - u**2 + u + 1. Let z be n(-1). Calculate the highest common factor of 1 and z.
1
Let q(y) = y**2 + y + 4. Let l be q(0). Calculate the highest common divisor of 36 and l.
4
Let r be (-8 - -6)*(-2 - -1). Let d be 1*r - 162/(-9). Calculate the highest common factor of 40 and d.
20
Let j = 158 + -154. Let m = 46 - 26. Calculate the greatest common divisor of m and j.
4
Let h = 130 - 184. Let t be (-4)/(-16) - h/8. What is the highest common factor of 1 and t?
1
Let f be -2 - 52/(0 - 2). Suppose 2*s + 0 = f. Calculate the highest common factor of 4 and s.
4
Suppose -4*b = -8*b + 204. What is the highest common factor of 34 and b?
17
Let q be (-168)/(-10) + (-6)/(-30). Calculate the highest common factor of 187 and q.
17
Let m be (-1 - 47)*(-3)/6. Calculate the highest common factor of 168 and m.
24
Let s(a) be the second derivative of 5*a**4/12 + a**3/6 + a**2 - 3*a. Let b be s(2). What is the highest common divisor of 8 and b?
8
Let z(o) = -o**3 - 2*o**2 + 2*o + 2. Let y be z(-2). Let s be (y - -3)/1 - -17. Let i = -29 + 65. Calculate the greatest common factor of i and s.
18
Let b = 2 + 2. Suppose 0*o + 4*o + 4*a = 1068, 0 = b*o - a - 1088. Suppose -l + 47 = -2*d - 47, -3*l = 5*d - o. What is the greatest common factor of l and 23?
23
Let c(r) = r**2 + 2*r. Let h be c(-6). Calculate the greatest common divisor of h and 192.
24
Let q = 4 + -1. Suppose 5*k = -3*x + 10, -3*x - q*k - k = -8. Suppose x = 2*w - 24 - 20. What is the greatest common factor of w and 33?
11
Let u = 221 + -117. Calculate the highest common divisor of 13 and u.
13
Let x(r) be the third derivative of 13*r**4/12 - r**3/6 + 2*r**2. Let s be x(3). What is the greatest common divisor of s and 11?
11
Let k(u) = -u**2 + 1. Let a be k(0). Let m(h) = h**2 + h**2 + 2*h**3 - 3*h**3 - h + 4*h**3. Let n be m(a). What is the highest common divisor of n and 36?
4
Let b(v) = -v + 7. Let z be b(4). Let j(m) = m**3 + 5*m**2 - 2*m - 1. Let w be j(-5). Let r be z*((-15)/w - -2). What is the greatest common factor of r and 3?
1
Let g be (-8)/(-6) - 4/3. Suppose -2*y = -g*y - 16. Calculate the highest common factor of 4 and y.
4
Let o(b) = 2*b + 7. Let f be o(6). Let g = f + -5. Calculate the highest common factor of g and 28.
14
Let o(v) = -v**3 - 16*v**2 + 17*v + 18. Let l be o(-17). What is the greatest common factor of 18 and l?
18
Let n(b) = b**2 + 12*b - 15. Let o be n(-15). What is the greatest common divisor of 6 and o?
6
Let b = 97 - 82. Calculate the greatest common divisor of b and 300.
15
Suppose 3*v - 5*v + 72 = 0. Suppose -5*n + v = -n. Calculate the highest common divisor of 9 and n.
9
Suppose 672 = -0*s + 7*s. Calculate the highest common factor of s and 12.
12
Let z be 8/(-12) + (-2)/6. Let f be 22/4*(z + 11). Suppose 0*y + 3*y - a - 35 = 0, -2*y = -5*a - 32. Calculate the highest common divisor of y and f.
11
Let j be (-8)/12 - (-23)/3. Let q(t) = 6*t - 7. Let b be q(j). Let p(w) = -w**2 + 7*w + 1. Let a be p(6). What is the greatest common divisor of a and b?
7
Suppose 4*p - 109 = -17. Calculate the highest common divisor of 69 and p.
23
Let t = -196 - -383. Suppose 0*r - 3*r = 2*x - 12, 20 = 5*r. Suppose 0 = y - 3, x*y - 82 = -5*c + y. What is the highest common divisor of t and c?
17
Let x = -5 - -3. Let s be x/9 - 380/(-90). Calculate the greatest common factor of s and 4.
4
Let r(p) = 16*p - 51. Let j be r(8). Calculate the greatest common factor of j and 22.
11
Suppose -36 - 19 = -5*f. Calculate the greatest common divisor of f and 11.
11
Let s = 182 + -76. Suppose 2*z + 4*q - 126 = s, -2*z = -2*q - 208. What is the highest common divisor of 12 and z?
12
Let i = -2 - -8. Let f be i/(-3)*-8 - 2. Calculate the highest common divisor of f and 42.
14
Let u(s) = -65*s + 2. Let n be u(-2). Suppose n = -2*l + 6*l. Calculate the greatest common factor of 22 and l.
11
Let l(j) = -j**3 - j**2 + 6*j - 1. Let h be 12*(-1 + (-2)/(-4)). Let z be l(h). Suppose -z = -3*c + 19. What is the highest common divisor of c and 6?
6
Let p = -8 + 16. Let t be p/20 - 68/(-5). Suppose 0*m - 2*j = -2*m + 2, -2*m = 5*j - 9. What is the highest common divisor of m and t?
2
Let f be (9/(-5))/(2/(-10)). Let u = 22 - f. What is the greatest common factor of 143 and u?
13
Let t(b) = -77*b + 22. Let z be t(-5). Calculate the highest common divisor of z and 37.
37
Let v be (-2)/4*-244 - -3. Calculate the greatest common divisor of v and 25.
25
Suppose 3*u + 771 = -2*n, -3*n + 2*n - 2*u - 384 = 0. Let f be (n/10)/((-6)/20). What is the highest common divisor of 13 and f?
13
Let o(r) = -12*r**3 + r. Let l be o(-1). Let w(v) = 22*v. Suppose -1 = -m + 1. Let n be w(m). What is the highest common factor of l and n?
11
Let f be (-4)/6 + 317/3. Let k(t) = 23*t + 7. Let d be k(7). Suppose -7*c + 3*c + d = 0. Calculate the highest common factor of c and f.
21
Let q(k) = -2*k**2 + 2*k + 4. Let r(c) = 2*c**2 - 2*c - 4. Let w(x) = 6*q(x) + 7*r(x). Let m be w(-6). What is the highest common factor of 32 and m?
16
Suppose 0 = -b - 3*l + 7*l + 8, -l + 100 = 4*b. What is the greatest common divisor of b and 36?
12
Let w = -1 + 0. Let b be w/3 - (-98)/6. Let i = 2 - -2. What is the greatest common factor of i and b?
4
Let o(g) = -2*g**2 - 7*g - 1. Let z be o(-5). Let w = 22 + z. Suppose w + 3 = -3*c, 2*c = 2*n - 86. Calculate the greatest common factor of n and 60.
20
Let s be (-12)/10*440/(-6). Suppose 0*u - u + 8 = -5*y, y = 2*u - 16. Calculate the highest common divisor of s and u